{"id":91,"date":"2013-03-24T14:03:13","date_gmt":"2013-03-24T12:03:13","guid":{"rendered":"http:\/\/donatus-werke.de\/2013\/?page_id=91"},"modified":"2016-03-15T13:30:42","modified_gmt":"2016-03-15T12:30:42","slug":"personalarbeit-in-kmu","status":"publish","type":"page","link":"http:\/\/www.donatus-werke.de\/index.php\/kommunikation-im-mittelstand\/personalarbeit-in-kmu\/","title":{"rendered":"Personalarbeit in KMU"},"content":{"rendered":"<h2>Beratung &#8211; Umsetzung &#8211; Coaching<\/h2>\n<p>&nbsp;<\/p>\n<p><span style=\"font-family: verdana, geneva; font-size: 12pt;\">Nicht alles was theoretisch m\u00f6glich ist und empfehlenswert erscheint, l\u00e4\u00dft sich aufwandsgerecht in KMU umsetzen.\u00a0<\/span><\/p>\n<p><span style=\"font-family: verdana, geneva; font-size: 12pt;\">Ich berate mittelst\u00e4ndische Unternehmer, mit welchen Strukturen, Tools und Strategien sie eine zielorientierte und der Gr\u00f6\u00dfe des Unternehmens angemessene Personalarbeit leisten k\u00f6nnen. Anschlie\u00dfend begleite ich die Umsetzung der beschlossenen Ma\u00dfnahmen und coache die verantwortlichen Mitarbeiter.<\/span><\/p>\n<p><span style=\"font-family: verdana, geneva; font-size: 12pt;\">Ziel ist es , den Erwartungen der Arbeitnehmer gerecht zu werden, als Arbeitgeber attraktiv zu sein, die Fluktuation zu verringern und die Mitarbeiter als wichtigste Ressource im Unternehmen f\u00fcr den Ausbau des Gesch\u00e4ftserfolgs zu nutzen. So geht moderne, n\u00fctzliche und effiziente Personalarbeit in KMU!<\/span><\/p>\n","protected":false},"excerpt":{"rendered":"<p>Beratung &#8211; Umsetzung &#8211; Coaching &nbsp; Nicht alles was theoretisch m\u00f6glich ist und empfehlenswert erscheint, l\u00e4\u00dft sich aufwandsgerecht in KMU [&hellip;]<\/p>\n","protected":false},"author":1,"featured_media":0,"parent":45,"menu_order":0,"comment_status":"open","ping_status":"closed","template":"","meta":[],"_links":{"self":[{"href":"http:\/\/www.donatus-werke.de\/index.php\/wp-json\/wp\/v2\/pages\/91"}],"collection":[{"href":"http:\/\/www.donatus-werke.de\/index.php\/wp-json\/wp\/v2\/pages"}],"about":[{"href":"http:\/\/www.donatus-werke.de\/index.php\/wp-json\/wp\/v2\/types\/page"}],"author":[{"embeddable":true,"href":"http:\/\/www.donatus-werke.de\/index.php\/wp-json\/wp\/v2\/users\/1"}],"replies":[{"embeddable":true,"href":"http:\/\/www.donatus-werke.de\/index.php\/wp-json\/wp\/v2\/comments?post=91"}],"version-history":[{"count":15,"href":"http:\/\/www.donatus-werke.de\/index.php\/wp-json\/wp\/v2\/pages\/91\/revisions"}],"predecessor-version":[{"id":549,"href":"http:\/\/www.donatus-werke.de\/index.php\/wp-json\/wp\/v2\/pages\/91\/revisions\/549"}],"up":[{"embeddable":true,"href":"http:\/\/www.donatus-werke.de\/index.php\/wp-json\/wp\/v2\/pages\/45"}],"wp:attachment":[{"href":"http:\/\/www.donatus-werke.de\/index.php\/wp-json\/wp\/v2\/media?parent=91"}],"curies":[{"name":"wp","href":"https:\/\/api.w.org\/{rel}","templated":true}]}}