{"id":119,"date":"2013-03-24T18:56:02","date_gmt":"2013-03-24T16:56:02","guid":{"rendered":"http:\/\/donatus-werke.de\/2013\/?page_id=119"},"modified":"2016-03-15T10:48:54","modified_gmt":"2016-03-15T09:48:54","slug":"expertentraining-vertrieb","status":"publish","type":"page","link":"http:\/\/www.donatus-werke.de\/index.php\/kommunikation-im-mittelstand\/expertentraining-vertrieb\/","title":{"rendered":"Expertentraining Vertrieb"},"content":{"rendered":"<p><span style=\"font-family: verdana, geneva; font-size: 12pt;\">Dieses Seminar ist f\u00fcr Vertriebsprofis mit langj\u00e4hriger Erfahrung konzipiert, die sich und ihr Leben im Vertrieb auf eine h\u00f6here, wert- und sinnorientierte Ebene heben wollen. Ein echtes Expertentraining Vertrieb.<\/span><\/p>\n<p><span style=\"font-family: verdana, geneva; font-size: 12pt;\">Nat\u00fcrlich steht auch hier am Anfang die Diskussion zum Selbstverst\u00e4ndnis des Vertriebs und es erfolgt eine kurze Wiederholung der bereits erlernten Techniken. Anhand von Fallbeispielen und Gruppen\u00fcbungen werden ihre F\u00e4higkeiten analysiert und, wenn n\u00f6tig, Korrekturen vorgenommen.<\/span><\/p>\n<p><span style=\"font-family: verdana, geneva; font-size: 12pt;\">Der wichtigste Teil dieses Angebots ist die Verkn\u00fcpfung von Vertrieb und Psychologie. Sie lernen Modelle und Methoden kennen, die Ihnen eine schnellere und genauere Analyse der Situation und der beteiligten Personen erm\u00f6glichen. Anschlie\u00dfend k\u00f6nnen Sie sehr viel besser auf die Eigenheiten und Verhaltensweisen ihres Gegen\u00fcbers reagieren.<\/span><\/p>\n<p><span style=\"font-family: verdana, geneva; font-size: 12pt;\">Erstes Ziel ist eine weiter verbesserte Beratung Ihres Kunden mit kommunikativen Mitteln, welche die individuellen Pr\u00e4ferenzen Ihres Kommunikationspartners ber\u00fccksichtigen. Es geht nicht um die blo\u00dfe Manipulation eines anderen Menschen zu Ihren Gunsten. Das entspricht nicht meinen Werten und missachtet die W\u00fcrde des Menschen. Au\u00dferdem sind die erzielten Erfolge von kurzer Dauer und nicht nachhaltig.<\/span><\/p>\n<p><span style=\"font-family: verdana, geneva; font-size: 12pt;\">Ein weiteres Ziel dieses Trainings ist auch die bessere Reflexion der eigenen Pr\u00e4ferenzen, Handlungsweisen, Sichtweisen und der eigenen Rolle im Unternehmen und im sozialen Gef\u00fcge. Durch eine (eventuell ver\u00e4nderte) Wahrnehmung der Aufgabe, Werte und Sinnhaftigkeit des eigenen Handelns wird die intrinsische Motivation gest\u00e4rkt um l\u00e4nger erfolgreich und gl\u00fccklich im Vertrieb aktiv sein zu k\u00f6nnen.<\/span><\/p>\n<p><span style=\"font-family: verdana, geneva; font-size: 12pt;\">Die umfangreichen praktischen Erfahrungen der Teilnehmer und die in der Fachliteratur teils kontrovers diskutierten Themen und Modelle f\u00fchren in aller Regel zu einem h\u00f6heren Diskussionsbedarf in den Seminargruppen. Dem trage ich nat\u00fcrlich Rechnung.<\/span><\/p>\n<p><span style=\"font-family: verdana, geneva; font-size: 12pt;\">Da dieses Angebot f\u00fcr echte Profis im Vertrieb gestaltet ist, finden naturgem\u00e4\u00df nur einige wenige offene Seminare pro Jahr statt. Bitte schicken Sie mir eine <a title=\"E-Mail an Michael Donatus senden\" href=\"mailto:mid@donatus-werke.de\" target=\"_blank\">E-Mail<\/a>, wenn Sie Interesse haben, daran teilzunehmen. Sie erhalten dann zeitnah eine Benachrichtigung \u00fcber den n\u00e4chsten freien Termin. Ich freue mich darauf, bald von Ihnen zu lesen.<\/span><\/p>\n","protected":false},"excerpt":{"rendered":"<p>Dieses Seminar ist f\u00fcr Vertriebsprofis mit langj\u00e4hriger Erfahrung konzipiert, die sich und ihr Leben im Vertrieb auf eine h\u00f6here, wert- [&hellip;]<\/p>\n","protected":false},"author":1,"featured_media":0,"parent":45,"menu_order":20,"comment_status":"open","ping_status":"closed","template":"","meta":[],"_links":{"self":[{"href":"http:\/\/www.donatus-werke.de\/index.php\/wp-json\/wp\/v2\/pages\/119"}],"collection":[{"href":"http:\/\/www.donatus-werke.de\/index.php\/wp-json\/wp\/v2\/pages"}],"about":[{"href":"http:\/\/www.donatus-werke.de\/index.php\/wp-json\/wp\/v2\/types\/page"}],"author":[{"embeddable":true,"href":"http:\/\/www.donatus-werke.de\/index.php\/wp-json\/wp\/v2\/users\/1"}],"replies":[{"embeddable":true,"href":"http:\/\/www.donatus-werke.de\/index.php\/wp-json\/wp\/v2\/comments?post=119"}],"version-history":[{"count":10,"href":"http:\/\/www.donatus-werke.de\/index.php\/wp-json\/wp\/v2\/pages\/119\/revisions"}],"predecessor-version":[{"id":546,"href":"http:\/\/www.donatus-werke.de\/index.php\/wp-json\/wp\/v2\/pages\/119\/revisions\/546"}],"up":[{"embeddable":true,"href":"http:\/\/www.donatus-werke.de\/index.php\/wp-json\/wp\/v2\/pages\/45"}],"wp:attachment":[{"href":"http:\/\/www.donatus-werke.de\/index.php\/wp-json\/wp\/v2\/media?parent=119"}],"curies":[{"name":"wp","href":"https:\/\/api.w.org\/{rel}","templated":true}]}}